
6
Suppose -25*k + 27304 = -17*k. What is the units digit of k?
3
Let i(m) = -m**3 - 14*m**2 + 16*m - 6. Let z be (-1)/(-3)*((2 - 3) + 1). Suppose -5*r - 51 - 29 = z. What is the units digit of i(r)?
0
Suppose 242*h + 110125 = 5*j + 247*h, 5*j = 5*h + 110145. What is the tens digit of j?
2
Let d be ((-43 - 2) + -1)*(74 + -85). Suppose 5*p = 5*z - 1076 + 241, 0 = -3*z - 2*p + d. What is the tens digit of z?
6
Let b be ((-43436)/(-6))/(2/18). What is the tens digit of b/54 + (-24)/(-54)?
0
Let z(s) be the second derivative of -s**4/12 - 4*s**3/3 + 17*s**2/2 - 6*s. Let g be z(-10). What is the tens digit of 22 + ((-3)/9)/((-1)/g)?
2
Suppose 5*i + 109937 - 364012 = 0. What is the thousands digit of i?
0
Let o = -14801 - -15025. What is the tens digit of o?
2
Let t(r) = 50*r**3 - 5*r**2 + 3*r - 1. Let n be t(1). Suppose 0 = 4*x - n - 325. What is the tens digit of x?
9
Suppose 0 = 3*n - 22 + 16. Suppose 0 = n*a - g - 32, -5*g + 47 = 3*a - 6*g. Suppose -66 = -j + a. What is the units digit of j?
1
What is the tens digit of (6/18*6/3)/(3/6633)?
7
Let a(l) = -l**3 - 31*l**2 - 2*l - 45. Let g be a(-31). Suppose -18*f = -g*f - 466. What is the hundreds digit of f?
4
Suppose -323316 = 127*o - 912596. What is the units digit of o?
0
Let v = -11 + 18. Let p(x) be the second derivative of -x**5/20 + 5*x**4/12 + 17*x**3/6 - 5*x**2/2 + 726*x + 1. What is the tens digit of p(v)?
1
Let p be 8/(-28) + (-17226)/(-21). Let m = p + -403. What is the hundreds digit of m?
4
Let j be 3/9 + (-10)/(-6). Suppose 6*y - 2*y - j*q - 8 = 0, 3*q - 8 = -4*y. Suppose 29 = 2*c - w, y*w = -5*c + 30 + 20. What is the units digit of c?
2
Suppose -200 = 14*o - 12*o. Let t be o*(-2 - (-15)/10). Suppose 4*a - 2 = t. What is the units digit of a?
3
Let h = 4513 + -6887. Let o = -1687 - h. What is the units digit of o?
7
Let h(x) = 52247*x - 813. What is the units digit of h(1)?
4
Let r(v) = -v**3 + 3*v**2 - 2*v + 26. Let c be r(3). What is the hundreds digit of (1/3 + 0)/(c/37260)?
6
Let m be 27 - (5/(-1) + 8). Let b(j) = 25*j + 0*j + 56 + 0*j - j**2. What is the tens digit of b(m)?
8
Suppose 5*u + 25 = z - 21, 0 = -4*z + u + 260. Suppose z*h - 9144 = 58*h. What is the hundreds digit of h?
1
Let r(l) = -8*l**2 + 34*l - 71. Let j(s) = -3*s**2 + 12*s - 24. Let w(b) = -11*j(b) + 4*r(b). What is the tens digit of w(-10)?
4
Let k(p) = 122*p + 1921. What is the thousands digit of k(11)?
3
Suppose -92*m + 2268154 + 1665059 = 1270825. What is the thousands digit of m?
8
Let u be (6/(-8))/(0 - (-3)/(-108)). Let v = u + -31. What is the units digit of (16/(-6))/(v/30)?
0
Suppose -3*f + 4*i - 83 = 3, -2*f - i = 72. What is the units digit of (0 - (-4)/f) + (-25584)/(-136)?
8
Let r(b) = -46*b - 16. Let q be r(-10). Let v = q + 211. What is the units digit of v?
5
Suppose 26*s - 23*s = 3*l + 86535, -5*s + 2*l = -144249. What is the thousands digit of s?
8
Suppose 0 = -5*s + 4*s + v + 18, 3*s - 53 = 4*v. Suppose -20*f = -s*f - 738. What is the units digit of f?
8
Let w be (46/1)/(41/(-164)). Let m = 359 + w. What is the hundreds digit of m?
1
Suppose -15*m - 1462020 = 7*m - 81*m. What is the tens digit of m?
8
Let l be (-2)/13 + (-3002250)/650. Let i = -3191 - l. What is the thousands digit of i?
1
Let u = -4484 + 6403. What is the tens digit of u?
1
Let b(q) = 73*q**2 + 6*q - 12. What is the thousands digit of b(7)?
3
Let k = 1432 + -1465. Suppose 2*z - 265 = -3*v, -3*z - 350 = -4*v - 5*z. Let d = v + k. What is the units digit of d?
2
Let x(m) = 11*m**2 - m**3 - 13 - m**2 + 14*m + m**2 - 5. Let d be x(12). Suppose -3*k - 3*i + 420 = 0, -3*k + 2*i + 424 = d*i. What is the tens digit of k?
3
Let y(i) = 3*i**2 + 19*i + 13. Let s be y(-8). Let o = -68 + s. What is the units digit of 20/25 - 1218/o?
2
Suppose -78*f + 3 = -77*f. What is the tens digit of 1496/f - 80/120?
9
Let t = 37004 + 16000. What is the hundreds digit of t?
0
Suppose 2*o - 3948 = -4*q, -5*o - 8 = -3*o. What is the units digit of q?
9
Suppose -7405 = -5*k - 2685. Suppose -97 + k = a - 5*s, -5*a + 2*s = -4258. What is the hundreds digit of a?
8
Let f = 25175 + -14278. What is the hundreds digit of f?
8
Let d = 68635 - 15935. What is the tens digit of d?
0
Suppose 1650 = 3*n + 5*d + 185, 5*d = -5*n + 2445. Suppose -q + 120 + n = 0. What is the tens digit of q?
1
Let p = 1 + 2. Suppose p*b + 200 = 5*i - 0*i, 0 = 4*b - 20. What is the tens digit of i/4 + 1/4?
1
Let j = -1921 + 4268. What is the hundreds digit of j?
3
Let p be 1 - 0 - (1 + 84). Let f = p - -235. Let w = f - 21. What is the tens digit of w?
3
What is the thousands digit of (-66)/1023 - 78246/(-31)?
2
Let s = 49269 + -29570. What is the thousands digit of s?
9
Let x = -654 + 1250. Suppose -q - 197 = 2*u - x, 3*q - 1209 = -3*u. Let y = q + -231. What is the hundreds digit of y?
1
Suppose -4*k = 2*c - 7864, k + 15735 = 4*c + 2*k. What is the units digit of c?
4
Suppose -57*a + 367*a = 14010140. What is the ten thousands digit of a?
4
Suppose -4*y - 4*d + 239380 = 0, 60*y = 59*y + d + 59837. What is the hundreds digit of y?
8
What is the tens digit of (-16)/12 + (-276292)/(-14)*(-350)/(-300)?
2
Let r = -78 + 102. Let g be (5/(-15))/((-2)/r). Suppose x + 404 = 5*x - j, 2*j = g*x - 400. What is the units digit of x?
2
Let l = -52475 - -88738. Suppose 39*y - l = 9016. What is the tens digit of y?
6
Suppose -36*a + 6323 = -34753. What is the thousands digit of a?
1
Let h be (16/32)/(-1*1/(-30)). What is the units digit of -2 + h/3 + 70/5?
7
Let o(h) = -9*h + 3. Let c(j) = j**2 + 2*j - 3. Let m be c(-3). Let t be o(m). Suppose t*r - 8*r + 300 = 0. What is the tens digit of r?
6
Let h(z) = z**3 + 22*z**2 - 213*z + 1916. What is the hundreds digit of h(9)?
5
Let i(u) = u**2 - 18*u + 4. Let v be i(18). Suppose v*h = s - 77, -3*h - 3*s - 5 = 64. What is the units digit of ((-12)/h - 59/15)*-3?
0
Let a = -1186 - -11985. What is the tens digit of a?
9
Suppose -5*r + 26 = 2*s, s + 0*s - 19 = -4*r. Suppose -r = f + f. Let g = f + 95. What is the units digit of g?
3
Suppose q - 5*c - 11492 + 706 = 0, -21507 = -2*q - 3*c. What is the thousands digit of q?
0
Let w(b) = b**2 - b - 39. Let p be w(-6). What is the units digit of ((-5)/p - (-14)/21) + 280?
9
Suppose -57*c - 6207 = -58*c + o, -3*c = -o - 18621. What is the tens digit of c?
0
Suppose -4*l + u = -0*l - 406, -4*l + 2*u + 408 = 0. Let w be 20/110 - (-240)/11. Let s = l - w. What is the units digit of s?
9
Let p be 97938/46 - (-8)/(-1012)*11. Let d = p - 1111. What is the thousands digit of d?
1
Let c(b) = 113*b - 1155. What is the units digit of c(13)?
4
Let k(y) = 2482*y + 3402. What is the units digit of k(6)?
4
Let u(a) = 33*a**2 - 52*a - 331. What is the thousands digit of u(-13)?
5
Let q = -18 + 23. Suppose 0 = 4*d + 5*v - q - 17, -d + 5*v - 7 = 0. Suppose 2*i - 178 = -d*n, -i + n - 3*n + 89 = 0. What is the units digit of i?
9
Let j(t) = -t**2 + t + 9. Suppose -2*k = 5*q - 7, 0 = -3*q - 2*k - 0*k + 1. Let o be j(q). Suppose 263 = -o*p + 791. What is the tens digit of p?
7
Let y be 12 + (-4 - 2) - 12. What is the hundreds digit of (-297)/18*200/y?
5
Suppose 5*c = t - 13, 0*c = -t - 2*c - 15. What is the units digit of (-12)/14*(6 - -1)*t?
2
Let f = -393 - -411. Let m(c) = 41*c + 45. What is the tens digit of m(f)?
8
Let y be (-2)/7 + 2930/14. Let f = -10145 + 10210. Let w = f + y. What is the tens digit of w?
7
Suppose -3163 = -4*i + 3*z, -2*i = -27*z + 26*z - 1581. What is the units digit of i?
0
Suppose -45898 - 59762 = 80*l - 86*l. What is the hundreds digit of l?
6
Let x = -5333 - -10583. What is the hundreds digit of (-5)/10 + x/12?
4
Let u(f) = -f**3 + 4*f - 3. Let l be u(2). What is the hundreds digit of 874 + 41 - (0 + l + -1)?
9
Suppose 0 = -17*w - w + 44598 - 11658. What is the hundreds digit of w?
8
Let l = -8972 + 15686. What is the hundreds digit of l?
7
Let r(n) be the third derivative of n**4/6 - 16*n**3/3 - 6*n**2. Let z be r(8). Suppose 3*y - k = 142, 6*k - 2*k + 4 = z. What is the tens digit of y?
4
Let i = 100405 + -59497. What is the tens digit of i?
0
What is the ten thousands digit of 10577 + (3 - 2) + (38 + -26)/6?
1
Let f(o) = 10*o**2 - 8*o + 8. Let b(r) = r**2 + 2*r - 1. Let k(c) = -5*b(c) + f(c). What is the units digit of k(-9)?
0
Suppose -3*v + 2*d - 4 = 0, 0*d = -d + 2. Let p be 2*((-15)/(-18) - 